Let n = 23 + l. List the prime factors of n.
2, 5
Let m be 8/(-36) + 2/9. Suppose m = 3*c - 4*k - 2, 2*c = 4*k - 9*k + 9. List the prime factors of 1/(-2)*c + 13.
2, 3
Let c = -6 - -10. Suppose 3*u - u = c. Suppose -f + 5 = a, 2*a + u*a - 14 = -2*f. List the prime factors of f.
3
Let r(q) be the third derivative of q**4/24 + q**3 - q**2. Let p be r(-4). Suppose -w - p*w - 33 = -5*b, 0 = -2*w - 2. List the prime factors of b.
2, 3
Suppose 3*o - 20 = -2*o. Suppose -s = o*u + 16, -3*u + 4*s - 2*s = 12. What are the prime factors of u*-2*(1 - 0)?
2
Let o(i) = i**2 - 4*i - 11. Let c be o(13). Suppose 0 = 3*w + 4*r - c, 3 = 3*w - r - 113. What are the prime factors of w?
2, 19
List the prime factors of (-2)/((-4)/(-14) + 396/(-1337)).
191
Suppose 27 = -4*v + i, -v = -0*v + 5*i - 9. Let j(p) = -p**3 - 6*p**2 - 5*p + 5. What are the prime factors of j(v)?
5, 7
Let l = 29 + -6. What are the prime factors of l?
23
Let f be 63/(-12) - 3/(-12). Let z(q) = q**2 + 4*q + 2. Let a be z(-4). What are the prime factors of 35/a + f/10?
17
What are the prime factors of (-20)/(-30)*(37 + -1)?
2, 3
Suppose -195 = -5*z - 7*f + 3*f, 39 = z - f. What are the prime factors of z?
3, 13
Let u = 2 + 15. Suppose -53 = -z - 4*y, 5*y - 162 - u = -4*z. List the prime factors of z.
41
Let u = -11 - -20. Suppose h + 3*z = -19, -h - 3*h + u = -5*z. Let n(m) = -m. What are the prime factors of n(h)?
2
Suppose 0*v = -4*v + 20. Let u(w) = 34*w**2 - 2 + 0 + 6*w - 35*w**2. List the prime factors of u(v).
3
Let f(j) = -j + 4. Let l be f(0). Suppose -44 = -4*i + s, -l*i - 5*s = -0*i - 20. List the prime factors of i.
2, 5
Let p = 268 - 120. What are the prime factors of p?
2, 37
Let i(j) = j**2 - 12*j - 27. Let l be i(14). Suppose 5*x - 26 = -66. Let q = l - x. What are the prime factors of q?
3
Suppose 51 = d + 2*d. Suppose -3*u + 10 + d = 0. List the prime factors of u.
3
Let b(k) = -3*k**3 - k**2 - k - 1. Let g be b(-1). Suppose -g*s - 27 = -c + 6*c, 5*s = -4*c - 8. Let n = c + 14. List the prime factors of n.
7
Let r(d) = d**2 + d + 2. Let n be r(-2). Suppose 5*b + t = 12, n*b - 6*t = -2*t. Suppose 0 = -b*k + 19 + 13. List the prime factors of k.
2
Suppose -5*l - 85 = -0*i - 3*i, 0 = 5*l - 5. What are the prime factors of i?
2, 3, 5
Suppose 2*h + 5*g - 158 = 0, -211 = -3*h + 3*g - 4*g. What are the prime factors of h?
3, 23
Suppose 2*p + 61 = 3*f - 22, 140 = 5*f - 5*p. List the prime factors of f.
3
Let o(i) = -i**2 - i + 68. Let p be o(0). Let a = -15 + p. Suppose b + 45 = 6*b - 5*v, 5*b - a = -3*v. List the prime factors of b.
2, 5
Suppose 5*i - 2*h = -58, -3*h - 10 = 4*i + 18. Let q(p) = -p - 7. Let a be q(i). Suppose -a*x - 8 = -5*x. What are the prime factors of x?
2
Let h be 53 + (6 - (4 - 1)). Let a = 1 + -1. Suppose a = 3*m + m - h. List the prime factors of m.
2, 7
Let z = 253 + -156. Let s = z - 68. List the prime factors of s.
29
What are the prime factors of ((-140)/6)/(12/(-90))?
5, 7
Suppose 0*h + 5*h = 165. List the prime factors of h.
3, 11
Suppose 3*m = -4*n + 6, 0*n + m = 2*n + 2. Let a be (-3 + 0 - -2)*n. Suppose -f - d + 5 = a, 2*f + 2*d = f + 6. What are the prime factors of f?
2
Let b be 0 + 2 + (-4)/1. Let v = b + 6. What are the prime factors of v?
2
Suppose -5*z = -2*z - 57. What are the prime factors of z?
19
Suppose -2*z - 3*y + 12 = 0, -3*z = 4*y - 18 + 1. Let q = z - 6. What are the prime factors of (2 - 0) + (-27)/q?
11
Let r = -17 - -9. Let d be (r/(-6))/((-1)/(-9)). Suppose 0*i = 2*x + 4*i + d, -3*i = -2*x + 16. What are the prime factors of x?
2
Suppose 0*r - 47 = -2*w + r, -4*r = 4. List the prime factors of w.
23
Let u(d) = 4*d - 3. Let g be -14*((-15)/6)/(-5). Let l(t) = 13*t - 10. Let b(a) = g*u(a) + 2*l(a). List the prime factors of b(-4).
3
What are the prime factors of ((40/6)/2)/(8/624)?
2, 5, 13
Let f be (-2)/3 + 12/(-9). Let h = f + 5. List the prime factors of h.
3
Let h = 20 + 13. Suppose -k + 0*k + h = b, 5*b - 153 = -2*k. What are the prime factors of b?
29
List the prime factors of 0/1 - (-28)/4.
7
Let x(g) = 5*g - 3. Let h = 4 - -3. List the prime factors of x(h).
2
Let b = -7 + 12. Suppose 3*l - b*q - 131 = 0, -4*q = -l - l + 90. List the prime factors of l.
37
Let d be ((-70)/20)/(2/(-12)). Suppose 0 = n + 3*a - d, 5*n - 4*a - 6 - 23 = 0. List the prime factors of n.
3
Suppose -3*y + 3*n = -681, 5*n = 4*y + 3*n - 900. What are the prime factors of y?
223
Let c = -10 - -15. Suppose 96 = c*k + m, -3*k + 4*m + 0*m + 53 = 0. List the prime factors of k.
19
Let h(q) = 7*q**3. Let k be 1*(-1)/(1 - 2). Let x be h(k). Let n = x - 2. What are the prime factors of n?
5
Suppose x + 3*x = 0. Suppose x = 3*f + 3*d - 9, 3*f + 6*d - 8 = 4*d. List the prime factors of f.
2
Let y(q) = 3*q**3 - 1. Suppose 0*b - 5*x = -4*b + 4, -3*x = 2*b - 2. What are the prime factors of y(b)?
2
Let x be 1*(-2 + 2 + 1). Let s be -1 - x*31*-1. Suppose 5*z = -c + s, 5*z - 10 = c + 2*z. What are the prime factors of c?
5
Suppose b + 2 = 2*b, 2*t - 2 = 3*b. Let d be (-1 - (-1)/1)/(-2). Suppose -32 = -3*y + 5*p, t*y + p = -d*y + 58. What are the prime factors of y?
2, 7
Let k be (-5)/(-2)*12/10. Suppose 3*t = -0*y - 3*y - 6, 0 = -k*y + 5*t + 18. List the prime factors of y*3/6*22.
11
Let a(t) = -2*t**3 - 5*t**2 - 3*t - 2. List the prime factors of a(-3).
2
Let z be (-4)/(-14) + (-100)/7. Let d = z - -25. What are the prime factors of d?
11
Suppose 0 = 5*h + 3*t - 0*t + 28, -5*t + 10 = -3*h. List the prime factors of h/(-25) - 74/(-5).
3, 5
Let o = 72 - 48. Let r = o + -9. List the prime factors of r.
3, 5
Suppose 4*m = 286 + 6. List the prime factors of m.
73
Let n(a) = -a - 6. Let k be n(-9). Let l(g) = -9 - k*g + 2*g + 3*g - 4*g. List the prime factors of l(-8).
7
Suppose 2*h - 29 + 9 = -2*c, -3*h + 30 = -5*c. Let i(a) = a**3 + 2*a**2 - 4*a - 1. Let r be i(-3). Suppose -r*p = -3*p + h. What are the prime factors of p?
2, 5
Let o be (-321)/(-8) + 1/(-8). Suppose 0*k = 2*r - 4*k - 56, 0 = 3*r - k - 64. Suppose -4*t + r = 2*p, -4*p - 5*t = -o - 6. What are the prime factors of p?
2, 7
Suppose -8*x + 3*x - 34 = 3*u, 3*u = -3*x - 24. Let y = x + 10. Suppose -2*f = 3*p - 8*p + 5, -16 = -y*f + 3*p. What are the prime factors of f?
5
Suppose -9*n + 1554 = -2*n. What are the prime factors of n?
2, 3, 37
Let o(k) = -74*k + 22. What are the prime factors of o(-3)?
2, 61
Suppose -3 = -0*f - f. Suppose -5*j + 33 = -4*s, -3*j = -f*s - 14 - 4. List the prime factors of j.
3
Suppose 2*s - 421 = 33. What are the prime factors of s?
227
Suppose 2*m = 4*m - 4*a - 74, 4*m = -5*a + 213. What are the prime factors of m?
47
Let y(w) = -15*w**3 - 4*w**2 - 3*w + 5. Let o(x) = 7*x**3 + 2*x**2 + x - 2. Let p(n) = 5*o(n) + 2*y(n). What are the prime factors of p(1)?
2, 3
Let x be -32*(4 + -8)/8. Suppose x = -0*i + i. List the prime factors of i.
2
Let j(c) = -2*c + 259. What are the prime factors of j(0)?
7, 37
Let l = 1 - -3. Suppose -t + 13 = 4*u - l*t, 2*u - 13 = -5*t. What are the prime factors of u?
2
Suppose 3*c + 4*d - 223 = 188, 0 = -5*c + 3*d + 685. What are the prime factors of c?
137
Let u = -7 + 11. Suppose 21 + 3 = u*p. List the prime factors of p.
2, 3
Let p = 57 - 7. What are the prime factors of p?
2, 5
List the prime factors of (-366)/(-10) + -1*(-10)/25.
37
Suppose 5 - 2 = -4*r - 5*x, 4*r + 4*x = 0. Suppose q = -r*q + 52. What are the prime factors of q?
13
Let f = 175 + -111. Suppose 0 = -4*t + 6*t - f. What are the prime factors of t?
2
Suppose x = -8*x + 540. What are the prime factors of x?
2, 3, 5
Let t(w) = w**3 - 6*w**2 + 5*w + 3. Let h be t(5). Let r(u) = -u**2 + 0 + 1 + h*u - 4 + 2*u**2. What are the prime factors of r(2)?
7
Let k = -12 + 23. Let l = 2 + 1. Let m = k - l. What are the prime factors of m?
2
Let u be 4/10 - 18/45. Suppose -30 = -2*l - u*l + 5*k, -5*k + 145 = 5*l. List the prime factors of l.
5
Suppose 5*d = 4*j - 170, 4*d + 0*d + 3*j + 105 = 0. Let l = 45 + d. What are the prime factors of l?
3, 5
Let l = 10 + -3. Let j(f) = f**2 - 5*f - 4. What are the prime factors of j(l)?
2, 5
Let r = -17 - -21. Suppose 0 = -r*k + 4*o - 3*o + 83, -3*o = 4*k - 71. List the prime factors of k.
2, 5
Let f(m) be the third derivative of -m**6/120 - m**5/10 + m**4/24 + m**3/3 - 2*m**2. Let i be f(-6). Let k = 0 - i. List the prime factors of k.
2
Let i(z) = -4*z**2 - 